[INFO] cloning repository https://github.com/yuta0801/svg2png
[INFO] running `Command { std: "git" "-c" "credential.helper=" "-c" "credential.helper=/workspace/cargo-home/bin/git-credential-null" "clone" "--bare" "https://github.com/yuta0801/svg2png" "/workspace/cache/git-repos/https%3A%2F%2Fgithub.com%2Fyuta0801%2Fsvg2png", kill_on_drop: false }`
[INFO] [stderr] Cloning into bare repository '/workspace/cache/git-repos/https%3A%2F%2Fgithub.com%2Fyuta0801%2Fsvg2png'...
[INFO] running `Command { std: "git" "rev-parse" "HEAD", kill_on_drop: false }`
[INFO] [stdout] 5005e1e4f6e8a0dc90d856642a55dbd0e8c3c23b
[INFO] building yuta0801/svg2png against master#881c1ac408d93bb7adaa3a51dabab9266e82eee8 for issue-85264
[INFO] running `Command { std: "git" "clone" "/workspace/cache/git-repos/https%3A%2F%2Fgithub.com%2Fyuta0801%2Fsvg2png" "/workspace/builds/worker-15/source", kill_on_drop: false }`
[INFO] [stderr] Cloning into '/workspace/builds/worker-15/source'...
[INFO] [stderr] done.
[INFO] validating manifest of git repo https://github.com/yuta0801/svg2png on toolchain 881c1ac408d93bb7adaa3a51dabab9266e82eee8
[INFO] running `Command { std: "/workspace/cargo-home/bin/cargo" "+881c1ac408d93bb7adaa3a51dabab9266e82eee8" "metadata" "--manifest-path" "Cargo.toml" "--no-deps", kill_on_drop: false }`
[INFO] started tweaking git repo https://github.com/yuta0801/svg2png
[INFO] finished tweaking git repo https://github.com/yuta0801/svg2png
[INFO] tweaked toml for git repo https://github.com/yuta0801/svg2png written to /workspace/builds/worker-15/source/Cargo.toml
[INFO] crate git repo https://github.com/yuta0801/svg2png already has a lockfile, it will not be regenerated
[INFO] running `Command { std: "/workspace/cargo-home/bin/cargo" "+881c1ac408d93bb7adaa3a51dabab9266e82eee8" "fetch" "--manifest-path" "Cargo.toml", kill_on_drop: false }`
[INFO] [stderr]  Downloading crates ...
[INFO] [stderr]   Downloaded fontdb v0.1.0
[INFO] [stderr]   Downloaded rgb v0.8.25
[INFO] [stderr]   Downloaded roxmltree v0.13.0
[INFO] [stderr]   Downloaded cargo_gn v0.0.15
[INFO] [stderr]   Downloaded kurbo v0.6.3
[INFO] [stderr]   Downloaded deno_core v0.67.0
[INFO] [stderr]   Downloaded svgfilters v0.2.0
[INFO] [stderr]   Downloaded rustybuzz v0.1.1
[INFO] [stderr]   Downloaded tiny-skia v0.1.0
[INFO] [stderr]   Downloaded usvg v0.11.0
[INFO] [stderr]   Downloaded resvg v0.11.0
[INFO] [stderr]   Downloaded rusty_v8 v0.12.0
[INFO] running `Command { std: "docker" "create" "-v" "/var/lib/crater-agent-workspace/builds/worker-15/target:/opt/rustwide/target:rw,Z" "-v" "/var/lib/crater-agent-workspace/builds/worker-15/source:/opt/rustwide/workdir:ro,Z" "-v" "/var/lib/crater-agent-workspace/cargo-home:/opt/rustwide/cargo-home:ro,Z" "-v" "/var/lib/crater-agent-workspace/rustup-home:/opt/rustwide/rustup-home:ro,Z" "-e" "SOURCE_DIR=/opt/rustwide/workdir" "-e" "CARGO_TARGET_DIR=/opt/rustwide/target" "-e" "CARGO_HOME=/opt/rustwide/cargo-home" "-e" "RUSTUP_HOME=/opt/rustwide/rustup-home" "-w" "/opt/rustwide/workdir" "-m" "1610612736" "--user" "0:0" "--network" "none" "ghcr.io/rust-lang/crates-build-env/linux@sha256:20528e8c29e4536546f0102ce88568b16ea7538393a33fcca951030f7af10457" "/opt/rustwide/cargo-home/bin/cargo" "+881c1ac408d93bb7adaa3a51dabab9266e82eee8" "metadata" "--no-deps" "--format-version=1", kill_on_drop: false }`
[INFO] [stdout] 57e25e17389f615327ea525b4766066b1a21821dcc19737701e0d85ebdadb139
[INFO] [stderr] WARNING: Your kernel does not support swap limit capabilities or the cgroup is not mounted. Memory limited without swap.
[INFO] running `Command { std: "docker" "start" "-a" "57e25e17389f615327ea525b4766066b1a21821dcc19737701e0d85ebdadb139", kill_on_drop: false }`
[INFO] running `Command { std: "docker" "inspect" "57e25e17389f615327ea525b4766066b1a21821dcc19737701e0d85ebdadb139", kill_on_drop: false }`
[INFO] running `Command { std: "docker" "rm" "-f" "57e25e17389f615327ea525b4766066b1a21821dcc19737701e0d85ebdadb139", kill_on_drop: false }`
[INFO] [stdout] 57e25e17389f615327ea525b4766066b1a21821dcc19737701e0d85ebdadb139
[INFO] running `Command { std: "docker" "create" "-v" "/var/lib/crater-agent-workspace/builds/worker-15/target:/opt/rustwide/target:rw,Z" "-v" "/var/lib/crater-agent-workspace/builds/worker-15/source:/opt/rustwide/workdir:ro,Z" "-v" "/var/lib/crater-agent-workspace/cargo-home:/opt/rustwide/cargo-home:ro,Z" "-v" "/var/lib/crater-agent-workspace/rustup-home:/opt/rustwide/rustup-home:ro,Z" "-e" "SOURCE_DIR=/opt/rustwide/workdir" "-e" "CARGO_TARGET_DIR=/opt/rustwide/target" "-e" "CARGO_INCREMENTAL=0" "-e" "RUST_BACKTRACE=full" "-e" "RUSTFLAGS=--cap-lints=forbid" "-e" "CARGO_HOME=/opt/rustwide/cargo-home" "-e" "RUSTUP_HOME=/opt/rustwide/rustup-home" "-w" "/opt/rustwide/workdir" "-m" "1610612736" "--user" "0:0" "--network" "none" "ghcr.io/rust-lang/crates-build-env/linux@sha256:20528e8c29e4536546f0102ce88568b16ea7538393a33fcca951030f7af10457" "/opt/rustwide/cargo-home/bin/cargo" "+881c1ac408d93bb7adaa3a51dabab9266e82eee8" "build" "--frozen" "--message-format=json", kill_on_drop: false }`
[INFO] [stdout] b96006d9547e4b3275d52acfde8defcfac32521ce7e59eca09247aa3cec5449b
[INFO] [stderr] WARNING: Your kernel does not support swap limit capabilities or the cgroup is not mounted. Memory limited without swap.
[INFO] running `Command { std: "docker" "start" "-a" "b96006d9547e4b3275d52acfde8defcfac32521ce7e59eca09247aa3cec5449b", kill_on_drop: false }`
[INFO] [stderr]    Compiling libc v0.2.80
[INFO] [stderr]    Compiling proc-macro2 v1.0.24
[INFO] [stderr]    Compiling unicode-xid v0.2.1
[INFO] [stderr]    Compiling syn v1.0.50
[INFO] [stderr]    Compiling autocfg v1.0.1
[INFO] [stderr]    Compiling cfg-if v0.1.10
[INFO] [stderr]    Compiling getrandom v0.1.15
[INFO] [stderr]    Compiling bitflags v1.2.1
[INFO] [stderr]    Compiling matches v0.1.8
[INFO] [stderr]    Compiling crc32fast v1.2.1
[INFO] [stderr]    Compiling byteorder v1.3.4
[INFO] [stderr]    Compiling proc-macro-hack v0.5.19
[INFO] [stderr]    Compiling ppv-lite86 v0.2.10
[INFO] [stderr]    Compiling proc-macro-nested v0.1.6
[INFO] [stderr]    Compiling cfg-if v1.0.0
[INFO] [stderr]    Compiling tinyvec_macros v0.1.0
[INFO] [stderr]    Compiling futures-core v0.3.8
[INFO] [stderr]    Compiling adler32 v1.2.0
[INFO] [stderr]    Compiling once_cell v1.5.2
[INFO] [stderr]    Compiling futures-sink v0.3.8
[INFO] [stderr]    Compiling float-cmp v0.5.3
[INFO] [stderr]    Compiling slab v0.4.2
[INFO] [stderr]    Compiling pin-utils v0.1.0
[INFO] [stderr]    Compiling ryu v1.0.5
[INFO] [stderr]    Compiling cargo_gn v0.0.15
[INFO] [stderr]    Compiling adler v0.2.3
[INFO] [stderr]    Compiling futures-io v0.3.8
[INFO] [stderr]    Compiling xmlparser v0.13.3
[INFO] [stderr]    Compiling arrayvec v0.5.2
[INFO] [stderr]    Compiling serde_json v1.0.59
[INFO] [stderr]    Compiling percent-encoding v2.1.0
[INFO] [stderr]    Compiling siphasher v0.2.3
[INFO] [stderr]    Compiling anyhow v1.0.34
[INFO] [stderr]    Compiling ttf-parser v0.6.2
[INFO] [stderr]    Compiling unicode-vo v0.1.0
[INFO] [stderr]    Compiling rctree v0.3.3
[INFO] [stderr]    Compiling lazy_static v1.4.0
[INFO] [stderr]    Compiling pico-args v0.3.4
[INFO] [stderr]    Compiling xmlwriter v0.1.0
[INFO] [stderr]    Compiling base64 v0.12.3
[INFO] [stderr]    Compiling itoa v0.4.6
[INFO] [stderr]    Compiling unicode-script v0.5.2
[INFO] [stderr]    Compiling smallvec v1.5.0
[INFO] [stderr]    Compiling rgb v0.8.25
[INFO] [stderr]    Compiling unicode-bidi v0.3.4
[INFO] [stderr]    Compiling data-url v0.1.0
[INFO] [stderr]    Compiling tinyvec v1.1.0
[INFO] [stderr]    Compiling miniz_oxide v0.3.7
[INFO] [stderr]    Compiling svgtypes v0.5.0
[INFO] [stderr]    Compiling futures-channel v0.3.8
[INFO] [stderr]    Compiling form_urlencoded v1.0.0
[INFO] [stderr]    Compiling log v0.4.11
[INFO] [stderr]    Compiling futures-task v0.3.8
[INFO] [stderr]    Compiling kurbo v0.6.3
[INFO] [stderr]    Compiling svgfilters v0.2.0
[INFO] [stderr]    Compiling miniz_oxide v0.4.3
[INFO] [stderr]    Compiling indexmap v1.6.0
[INFO] [stderr]    Compiling roxmltree v0.13.0
[INFO] [stderr]    Compiling simplecss v0.2.0
[INFO] [stderr]    Compiling quote v1.0.7
[INFO] [stderr]    Compiling deflate v0.8.6
[INFO] [stderr]    Compiling jpeg-decoder v0.1.20
[INFO] [stderr]    Compiling png v0.16.7
[INFO] [stderr]    Compiling unicode-normalization v0.1.16
[INFO] [stderr]    Compiling jobserver v0.1.21
[INFO] [stderr]    Compiling memmap2 v0.1.0
[INFO] [stderr]    Compiling flate2 v1.0.19
[INFO] [stderr]    Compiling rand_core v0.5.1
[INFO] [stderr]    Compiling cc v1.0.65
[INFO] [stderr]    Compiling rand_chacha v0.2.2
[INFO] [stderr]    Compiling idna v0.2.0
[INFO] [stderr]    Compiling rand v0.7.3
[INFO] [stderr]    Compiling rustybuzz v0.1.1
[INFO] [stderr]    Compiling tiny-skia v0.1.0
[INFO] [stderr]    Compiling uuid v0.8.1
[INFO] [stderr]    Compiling fontdb v0.1.0
[INFO] [stderr] error: could not compile `syn`
[INFO] [stderr] 
[INFO] [stderr] Caused by:
[INFO] [stderr]   process didn't exit successfully: `rustc --crate-name syn --edition=2018 /opt/rustwide/cargo-home/registry/src/github.com-1ecc6299db9ec823/syn-1.0.50/src/lib.rs --error-format=json --json=diagnostic-rendered-ansi --crate-type lib --emit=dep-info,metadata,link -C embed-bitcode=no -C debuginfo=2 --cfg 'feature="clone-impls"' --cfg 'feature="default"' --cfg 'feature="derive"' --cfg 'feature="full"' --cfg 'feature="parsing"' --cfg 'feature="printing"' --cfg 'feature="proc-macro"' --cfg 'feature="quote"' --cfg 'feature="visit"' --cfg 'feature="visit-mut"' -C metadata=e18793a797a2b0de -C extra-filename=-e18793a797a2b0de --out-dir /opt/rustwide/target/debug/deps -L dependency=/opt/rustwide/target/debug/deps --extern proc_macro2=/opt/rustwide/target/debug/deps/libproc_macro2-ba80430fb18d8252.rmeta --extern quote=/opt/rustwide/target/debug/deps/libquote-42bf3df2a4136a24.rmeta --extern unicode_xid=/opt/rustwide/target/debug/deps/libunicode_xid-4182131ee577b5da.rmeta --cap-lints allow --cap-lints=forbid` (signal: 9, SIGKILL: kill)
[INFO] [stderr] warning: build failed, waiting for other jobs to finish...
[INFO] [stderr] The following warnings were emitted during compilation:
[INFO] [stderr] 
[INFO] [stderr] warning: c++: fatal error: Killed signal terminated program cc1plus
[INFO] [stderr] warning: compilation terminated.
[INFO] [stderr] warning: c++: fatal error: Killed signal terminated program cc1plus
[INFO] [stderr] warning: compilation terminated.
[INFO] [stderr] warning: c++: fatal error: Killed signal terminated program cc1plus
[INFO] [stderr] warning: compilation terminated.
[INFO] [stderr] warning: c++: fatal error: Killed signal terminated program cc1plus
[INFO] [stderr] warning: compilation terminated.
[INFO] [stderr] warning: c++: fatal error: Killed signal terminated program cc1plus
[INFO] [stderr] warning: compilation terminated.
[INFO] [stderr] 
[INFO] [stderr] error: build failed
[INFO] running `Command { std: "docker" "inspect" "b96006d9547e4b3275d52acfde8defcfac32521ce7e59eca09247aa3cec5449b", kill_on_drop: false }`
[INFO] running `Command { std: "docker" "rm" "-f" "b96006d9547e4b3275d52acfde8defcfac32521ce7e59eca09247aa3cec5449b", kill_on_drop: false }`
[INFO] [stdout] b96006d9547e4b3275d52acfde8defcfac32521ce7e59eca09247aa3cec5449b
